ite number?
False
Is 12290811901 a composite number?
True
Is 91871797 a prime number?
False
Is 178246307 composite?
False
Is 8000228723 prime?
False
Is 31017347 composite?
False
Is 55600823387 a prime number?
True
Is 771362737 prime?
False
Is 89352252761 a prime number?
False
Is 59832677803 a prime number?
False
Is 380743709 composite?
False
Is 4833453193 a prime number?
True
Is 28485538087 a composite number?
False
Is 10862007859 composite?
True
Is 2337708343 prime?
True
Is 34109573 composite?
False
Is 7793463383 a composite number?
True
Is 178747133 a prime number?
False
Is 18198940337 a composite number?
True
Is 55932681149 a prime number?
True
Is 178657735681 a composite number?
True
Is 23155552891 a prime number?
True
Is 13605497 prime?
False
Is 40978810189 a prime number?
True
Is 1057853255 a prime number?
False
Is 631316657 a prime number?
True
Is 1468777381 prime?
False
Is 32615133361 prime?
True
Is 842165197 prime?
True
Is 55865747155 composite?
True
Is 2130175859 composite?
True
Is 66886067 composite?
False
Is 1605233753 a composite number?
True
Is 2164872153 a prime number?
False
Is 234970933 a prime number?
False
Is 12631640251 composite?
True
Is 2532977606 prime?
False
Is 2835895171 composite?
True
Is 92702211061 prime?
True
Is 14923828499 prime?
True
Is 3096418969 a prime number?
False
Is 3188832961 prime?
False
Is 46747369717 a prime number?
False
Is 13827167219 prime?
True
Is 16801819603 composite?
True
Is 705527341 composite?
True
Is 175068934631 composite?
False
Is 1085100823 a composite number?
False
Is 3040032041 prime?
False
Is 3710620945 a composite number?
True
Is 693753997303 a prime number?
True
Is 1198204913 composite?
False
Is 3191653379 prime?
False
Is 63061265273 a composite number?
False
Is 78764801653 composite?
True
Is 46124846737 composite?
True
Is 1527538109 prime?
True
Is 22096080399 prime?
False
Is 3956854273 composite?
False
Is 1988039423 prime?
False
Is 1076292781 composite?
True
Is 18701248183 a composite number?
True
Is 13566913433 prime?
False
Is 2214589903 prime?
True
Is 78111522617 prime?
True
Is 11094773797 composite?
True
Is 7057409 composite?
False
Is 2464518083 prime?
True
Is 218682941 prime?
False
Is 653032697 composite?
False
Is 37161904121 prime?
False
Is 1200453043 composite?
True
Is 830047469 prime?
False
Is 3349006229 a prime number?
False
Is 24118109251 a prime number?
False
Is 4253396135 composite?
True
Is 56992541 a prime number?
True
Is 337114993 prime?
False
Is 277062518489 a prime number?
True
Is 362905351 a composite number?
True
Is 7005275339 a prime number?
True
Is 24435936509 composite?
False
Is 6077599903 composite?
False
Is 285864883 a prime number?
True
Is 10213535699 a composite number?
True
Is 94089299 prime?
True
Is 104142405109 a prime number?
True
Is 721692509 composite?
True
Is 61603817963 prime?
False
Is 23263275619 composite?
False
Is 113665530151 composite?
False
Is 5974105817 composite?
False
Is 6476180453 a prime number?
True
Is 4936256737 a composite number?
True
Is 37245829307 a composite number?
False
Is 1820101559 prime?
True
Is 439444001 a prime number?
True
Is 8912438203 a composite number?
True
Is 2194209071 composite?
True
Is 3921807961 composite?
True
Is 5744012453 prime?
False
Is 7091920631 prime?
False
Is 2496910901 a prime number?
True
Is 297087727 a composite number?
True
Is 21005415133 a prime number?
True
Is 14392979 a prime number?
True
Is 391770035 composite?
True
Is 21003485473 a composite number?
False
Is 132947066921 composite?
False
Is 6363518717 composite?
False
Is 1823219633 composite?
False
Is 12059395001 a prime number?
False
Is 1598979637 composite?
True
Is 1836984059 a composite number?
False
Is 1580071763 prime?
True
Is 40663026799 a prime number?
False
Is 1565703239 composite?
True
Is 30348971997 a composite number?
True
Is 9842181953 composite?
True
Is 1409346791 composite?
False
Is 1597811233 composite?
True
Is 26677163 a composite number?
False
Is 13252613947 prime?
False
Is 62969619389 a prime number?
True
Is 23343139 prime?
True
Is 103743413 composite?
False
Is 41101649 prime?
True
Is 6027510743 prime?
True
Is 85246043035 prime?
False
Is 3829869545 a composite number?
True
Is 354598261 prime?
True
Is 49343599643 a composite number?
True
Is 44230253 prime?
False
Is 70663264943 a prime number?
False
Is 412425961 a prime number?
True
Is 74463671 composite?
False
Is 9225593807 a prime number?
True
Is 184894841 a prime number?
False
Is 38548569097 a prime number?
False
Is 399752279 a composite number?
False
Is 123087288281 a prime number?
False
Is 60884570947 prime?
True
Is 1118983667 a prime number?
False
Is 101968121 composite?
False
Is 470597837 a composite number?
False
Is 1905181453 prime?
False
Is 911771689 prime?
True
Is 495890441 a composite number?
False
Is 9359546371 a prime number?
False
Is 5286855827 composite?
True
Is 69132777843 a prime number?
False
Is 268737502081 prime?
False
Is 45427729051 prime?
False
Is 9717297361 prime?
True
Is 403674221 a composite number?
True
Is 440612423 composite?
True
Is 2610255631 a composite number?
True
Is 4237168751 prime?
True
Is 171769483 composite?
False
Is 34770924733 a prime number?
False
Is 3458295723 a composite number?
True
Is 69672103 a composite number?
True
Is 406361311 a composite number?
True
Is 35932135951 prime?
True
Is 10244411563 composite?
True
Is 3432658895 composite?
True
Is 22906507007 a prime number?
False
Is 2699883553 composite?
True
Is 27850531601 a prime number?
False
Is 9671660633 a prime number?
True
Is 1816427057 a prime number?
True
Is 3608743181 a composite number?
True
Is 14015379971 a prime number?
True
Is 3177399119 a prime number?
True
Is 312951643 composite?
False
Is 2577672737 a prime number?
False
Is 67765239931 composite?
False
Is 606761039 a composite number?
True
Is 3188108503 prime?
False
Is 4436064203 a prime number?
True
Is 2970882517 composite?
False
Is 121318133 prime?
True
Is 1851456973 a prime number?
True
Is 405836363 prime?
True
Is 22090117019 a composite number?
False
Is 2231388767 composite?
False
Is 117924055 prime?
False
Is 48555648041 composite?
False
Is 224198679 a prime number?
False
Is 205520431 a composite number?
False
Is 4003253399 prime?
False
Is 226025689 a prime number?
False
Is 9284915207 a prime number?
True
Is 436835963 a composite number?
False
Is 6312135299 a composite number?
False
Is 24922478927 a composite number?
False
Is 100277767 a composite number?
False
Is 82849991651 prime?
False
Is 12762437 a prime number?
True
Is 8315054051 prime?
False
Is 789885601 composite?
False
Is 1065779801 composite?
True
Is 58754513897 a prime number?
True
Is 45209123 prime?
True
Is 26132886931 a composite number?
True
Is 2186950171 prime?
False
Is 188281987 a prime number?
False
Is 1972102631 a prime number?
False
Is 3371599237 prime?
True
Is 32098176349 a prime number?
True
Is 5725741009 a prime number?
False
Is 269695969 prime?
False
Is 13120031191 a composite number?
True
Is 380236177 a composite number?
True
Is 71204422579 a composite number?
False
Is 5287106189 composite?
False
Is 159360069097 prime?
True
Is 595432063 a prime number?
True
Is 1541523353 prime?
False
Is 2912339197 a composite number?
False
Is 16776468067 a prime number?
False
Is 18220809513 a composite number?
True
Is 467243033 a composite number?
True
Is 174118876913 a prime number?
True
Is 1126466651 composite?
False
Is 6286066786 a composite number?
True
Is 183105818371 a prime number?
False
Is 4761137119 a prime number?
True
Is 1123978929 prime?
False
Is 11084245741 prime?
False
Is 649397753 a prime number?
True
Is 5400310813 composite?
True
Is 55076173771 a composite number?
False
Is 475210207 prime?
True
Is 3234075283 composite?
False
Is 3557288921 a composite number?
True
Is 13695615331 a composite number?
True
Is 944816179 composite?
False
Is 11729071918 prime?
False
Is 16126451773 a composite number?
False
Is 65231300377 a composite number?
True
Is 282763505 composite?
True
Is 11685505823 a prime number?
True
Is 4146562853 prime?
True
Is 3646075669 prime?
False
Is 90715943683 composite?
False
Is 10792346447 a prime number?
True
Is 46651769691 composite?
True
Is 59181557 composite?
False
Is 10687410271 prime?
True
Is 26663875699 a composite number?
False
I